divisor of 4 and f.
4
Let h be 7*6/30*11*5. What is the highest common divisor of 22 and h?
11
Let s be 28/1*18/4. Let c = 231 - s. Calculate the greatest common factor of 15 and c.
15
Suppose -4*n + 117 + 139 = 0. Calculate the greatest common divisor of n and 160.
32
Let j = -252 - -259. Let c = 147 - 98. What is the highest common factor of c and j?
7
Suppose -8 + 128 = a. Calculate the highest common factor of a and 15.
15
Suppose 0*q - 3*q = 0. Let p be -2 + 16 + q + -2. What is the highest common factor of 48 and p?
12
Let h = -71 + 165. Let b = h - 57. Let a = b - 25. What is the greatest common factor of a and 84?
12
Let i(x) = -x**2 + 2*x - 1. Let u be i(-6). Let l = u + 148. Calculate the greatest common factor of 11 and l.
11
Suppose -2 = 5*z - p, 4*z - 10 = -4*p - 2. Let u be z - (0 + (-1 - -1)). Suppose j - 10 = -u*j. Calculate the highest common divisor of 70 and j.
10
Suppose 0 = 3*s + 5*p, 5*s + 2*p = 7*p. Let g = 5 + s. Suppose 2*x = v + 51, -2*x + 59 = v + 10. What is the greatest common divisor of x and g?
5
Suppose 18 = -y + 133. Let q = y - 82. Suppose 0 = -2*v + 5*k + 59, k + 76 = 4*v - q. What is the highest common factor of v and 9?
9
Let d = 0 - -2. Suppose -2*f + 14 - 2 = 0. Suppose 2*i = f*i - 88. Calculate the highest common factor of i and d.
2
Suppose -2*c = -4*c + 30. Let k be 10/4*(-6 - -36). What is the highest common factor of c and k?
15
Let s(a) = 139*a**3 - 2*a**2 + a. Let v be s(1). Let i = 237 - v. What is the greatest common factor of i and 11?
11
Let z(c) = -c**3 + 8*c**2 + 4*c - 17. Let f be z(8). What is the greatest common factor of f and 105?
15
Let l be ((-560)/42)/(1/(-6)). What is the greatest common factor of l and 10?
10
Let j = 13 - -8. Let r = -92 - -323. What is the greatest common factor of j and r?
21
Suppose f = 3*i - 61, 27 = -3*i - 3*f + 84. What is the highest common factor of i and 5?
5
Let h(t) = -t**3 + 17*t**2 + 18*t + 3. Let o be h(18). Calculate the highest common factor of o and 33.
3
Let o be (-6)/2*(-51)/(-9). Let q = o - -24. What is the greatest common factor of 21 and q?
7
Suppose 5*o = 5*u + 17 - 87, 3*o = -2*u + 33. What is the highest common factor of u and 45?
15
Let r = 15 + -9. Suppose 208 = 5*t + 3*d - 59, -5*d = -3*t + 167. What is the greatest common factor of r and t?
6
Suppose 5*r - 13 = -3. Suppose -b + 13 = -r. Let j be 5/4*(49 + -1). Calculate the greatest common divisor of b and j.
15
Let n be 18/(-4 - (-105)/24). What is the highest common factor of 8 and n?
8
Let u = -4 - -7. Suppose 167 - 62 = u*h. Calculate the highest common divisor of 7 and h.
7
Suppose -3*k + 8*k + 20 = 0, 3*x = -4*k - 19. Let i = 6 - x. Let o(n) = -n. Let l be o(-1). What is the greatest common factor of i and l?
1
Let g = -86 - -106. Calculate the highest common factor of 160 and g.
20
Suppose -3*b + 0 = -6. Let f(r) = r**2 - 2*r + 3. Let a be f(b). What is the highest common factor of a and 6?
3
Suppose 3*h = 5*p - 2*h - 50, -4*p - 5*h + 31 = 0. Let x = -21 + 15. Let z be (-40)/x - 2/3. Calculate the greatest common divisor of p and z.
3
Suppose 0 = -4*z + c - 22, -4*z - 4*c + 0*c - 12 = 0. Let u = 7 + z. Suppose 39 = u*y + l, l + l = -3*y + 58. What is the greatest common factor of y and 10?
10
Let q(d) = -2*d - 13. Let w be q(-10). Let t = 14 + w. Let i be 106 - (0/(-2) + 1). Calculate the greatest common factor of i and t.
21
Let k be (-4)/(-10) + 146/10. Suppose -72 = -2*r + 2*b, -32 = 2*r - 3*r + 2*b. Let a = r + k. What is the highest common factor of 22 and a?
11
Let v = -2 - -6. Suppose -j + d = -21, 0*d - 3*d = -v*j + 84. What is the greatest common factor of j and 42?
21
Let k = -29 - -40. Let b = 27 - k. Suppose 68 = 2*j + b. What is the highest common factor of j and 13?
13
Let q(f) = -f**2 + 4*f - 13. Let h be q(5). Let p be (-15)/((1 + 0)*-1). Let z be (h/p)/(1/(-10)). What is the highest common factor of 12 and z?
12
Let j be (-18)/(-8) - 6/24. Let p(k) = -4*k + k**j + 4*k + 3*k. Let d be p(-5). What is the greatest common factor of d and 10?
10
Let n = 2 + 3. Let g(w) = w**2 + 3*w + 5. Let m be g(5). Calculate the highest common factor of m and n.
5
Let f be 14/63*-1 - 256/(-18). Calculate the greatest common divisor of 4 and f.
2
Let m be (-4)/10 - (-129)/(-15). Let k = -3 - m. Let g = -6 + 9. What is the greatest common divisor of k and g?
3
Suppose d + 5*w + 0*w - 13 = 0, 5*d - 86 = -4*w. Let b be d/14 + (-8)/28. Calculate the highest common divisor of 1 and b.
1
Suppose -5*m + 43 = -37. Calculate the greatest common factor of 128 and m.
16
Let b(n) = -n + 7. Let d be b(7). Let o be (d - 3)/(3/(-603)). Let i = -405 + o. What is the highest common divisor of 18 and i?
18
Let h be (0 - -2)*(217 - 2). Let w be 4/(-16) - h/8. Let f = 99 + w. What is the greatest common divisor of f and 5?
5
Let n be 292/20 + 3/(-5). Calculate the greatest common factor of 126 and n.
14
Let w be (-4992)/160*20/(-6). What is the greatest common factor of 13 and w?
13
Let u(r) = 2*r**2 + 7*r + 1. Let g be u(-5). Let o(c) = -7*c + 2. Let a = -3 + 1. Let z be o(a). Calculate the highest common factor of z and g.
16
Suppose 0 = 5*y - 2*b - 20, -2*y - y - 3*b - 9 = 0. Suppose y*n - 4 = -2. Let a = -2 + 3. Calculate the greatest common divisor of a and n.
1
Let i be ((-20)/2 + -7)*(2 - 21). Calculate the highest common factor of 19 and i.
19
Suppose 4 = 3*o - 2. Let q be (10/6)/(o/6). Suppose 33 = 2*z + q. Calculate the highest common divisor of z and 14.
14
Suppose -2*u + 3*q + 72 - 28 = 0, -133 = -5*u - 4*q. Calculate the greatest common factor of u and 5.
5
Suppose 0 = 4*r + d - 673, d = -3*r + r + 339. Suppose -u + r = g, 4*g - u + 6*u - 670 = 0. Calculate the highest common factor of g and 15.
15
Let f(y) = y**3 - 4*y**2 + y. Let u be f(4). What is the highest common factor of 6 and u?
2
Suppose -4*i = -0 - 12. Let x(a) = -15*a**2 + 3*a - 1. Let y be x(i). Let u be y/(-5) - 12/30. Calculate the highest common divisor of 125 and u.
25
Let r = -176 + 442. Suppose 0 = 3*o + j - 244, -27 = 3*o - 4*j - r. Calculate the highest common divisor of 9 and o.
9
Let d = -10 + 15. Suppose d*l = -18 + 58. What is the greatest common factor of l and 2?
2
Suppose -4*b = -7*b + 462. Calculate the highest common factor of 14 and b.
14
Let h = -13 - -25. What is the greatest common divisor of h and 132?
12
Let d(k) be the second derivative of k**4/12 + k**3/2 + 5*k**2 - 2*k. Let b be d(7). Let n be -1 + b + 2/2. Calculate the greatest common factor of n and 16.
16
Let b(r) = -30*r - 24. Let w be b(-12). What is the greatest common divisor of w and 21?
21
Let l(t) = -t**2 - t + 14. Let f(g) = -g - 7. Let h be f(-7). Let u be l(h). What is the highest common divisor of 112 and u?
14
Suppose -i + 3*b - 25 = 0, 8*i - 3*i + b = -77. Let k = i - -23. Suppose j - 38 = k. What is the greatest common factor of 5 and j?
5
Let s = 113 - 48. Suppose -4*p - 5*v = -s, 4*p - v - 64 = -5*v. Calculate the highest common divisor of p and 45.
15
Suppose -s = 4*s - 50. Let m = -3 + s. What is the highest common divisor of m and 7?
7
Let x(h) = -h**2 - 13*h - 2. Let g be x(-12). What is the highest common factor of 8 and g?
2
Let i = 35 + -11. Let j = 164 - 92. Let a = 108 - j. What is the highest common divisor of a and i?
12
Suppose z - 2*z - 2*r + 40 = 0, 2*z + 5*r = 85. Calculate the greatest common factor of z and 270.
30
Let z(j) be the third derivative of j**6/120 + 7*j**5/60 + j**4/8 + j**3 + 5*j**2. Let o be z(-6). Calculate the greatest common factor of o and 120.
24
Suppose -8 = -u + i, -3*i + 4*i = 0. Let f be (-1)/(-2)*(u - -8). What is the highest common factor of 8 and f?
8
Suppose -22*o + 24*o - 32 = 0. Calculate the highest common divisor of o and 72.
8
Let x be 2/(-3) + (-22)/(-6). Suppose -x*u - u + 64 = 0. Suppose -3*f - 4*v + 321 = v, -v = -5*f + 563. Calculate the greatest common divisor of u and f.
16
Let m = 8 - -2. Let h = 5 - m. Let x be (-118)/h + (-6)/(-15). Calculate the greatest common divisor of x and 8.
8
Suppose -3*k = t - 85, -k + 0*t + 15 = -3*t. Suppose 4*g + 3 = k. Suppose -128 = 2*b - g*b. Calculate the greatest common factor of 48 and b.
16
Let u = 151 + -76. Calculate the greatest common divisor of 30 and u.
15
Suppose 10 = 4*y - 46. What is the greatest common divisor of 126 and y?